83 is divided by 84?
7
What is the remainder when 206 is divided by 15?
11
What is the remainder when 97 is divided by 53?
44
Calculate the remainder when 43 is divided by 15.
13
What is the remainder when 931 is divided by 28?
7
Calculate the remainder when 1106 is divided by 67.
34
Calculate the remainder when 102 is divided by 22.
14
Calculate the remainder when 21 is divided by 5.
1
Calculate the remainder when 46 is divided by 29.
17
What is the remainder when 605 is divided by 34?
27
What is the remainder when 1262 is divided by 103?
26
What is the remainder when 465 is divided by 67?
63
Calculate the remainder when 81 is divided by 14.
11
What is the remainder when 134 is divided by 46?
42
Calculate the remainder when 4555 is divided by 34.
33
What is the remainder when 145 is divided by 67?
11
What is the remainder when 803 is divided by 62?
59
What is the remainder when 5179 is divided by 7?
6
What is the remainder when 366 is divided by 301?
65
Calculate the remainder when 342 is divided by 55.
12
Calculate the remainder when 5872 is divided by 178.
176
Calculate the remainder when 55 is divided by 17.
4
What is the remainder when 74 is divided by 44?
30
Calculate the remainder when 337 is divided by 10.
7
What is the remainder when 239 is divided by 10?
9
Calculate the remainder when 338 is divided by 52.
26
Calculate the remainder when 691 is divided by 169.
15
What is the remainder when 177 is divided by 60?
57
Calculate the remainder when 327 is divided by 30.
27
What is the remainder when 411 is divided by 44?
15
What is the remainder when 343 is divided by 39?
31
What is the remainder when 312 is divided by 59?
17
Calculate the remainder when 356 is divided by 159.
38
What is the remainder when 155 is divided by 39?
38
What is the remainder when 217 is divided by 19?
8
What is the remainder when 357 is divided by 8?
5
Calculate the remainder when 965 is divided by 190.
15
Calculate the remainder when 85 is divided by 38.
9
What is the remainder when 118 is divided by 15?
13
Calculate the remainder when 222 is divided by 28.
26
What is the remainder when 105 is divided by 40?
25
Calculate the remainder when 648 is divided by 208.
24
Calculate the remainder when 830 is divided by 16.
14
What is the remainder when 41 is divided by 2?
1
Calculate the remainder when 73 is divided by 18.
1
What is the remainder when 623 is divided by 169?
116
What is the remainder when 1528 is divided by 69?
10
Calculate the remainder when 2883 is divided by 103.
102
What is the remainder when 269 is divided by 100?
69
Calculate the remainder when 167 is divided by 64.
39
What is the remainder when 1202 is divided by 171?
5
Calculate the remainder when 437 is divided by 207.
23
Calculate the remainder when 343 is divided by 23.
21
What is the remainder when 149 is divided by 125?
24
What is the remainder when 1190 is divided by 8?
6
What is the remainder when 50 is divided by 8?
2
What is the remainder when 113 is divided by 21?
8
Calculate the remainder when 822 is divided by 817.
5
Calculate the remainder when 138 is divided by 11.
6
Calculate the remainder when 489 is divided by 125.
114
Calculate the remainder when 453 is divided by 229.
224
What is the remainder when 221 is divided by 15?
11
Calculate the remainder when 294 is divided by 102.
90
Calculate the remainder when 221 is divided by 21.
11
What is the remainder when 1077 is divided by 197?
92
Calculate the remainder when 1722 is divided by 78.
6
What is the remainder when 513 is divided by 30?
3
Calculate the remainder when 321 is divided by 17.
15
Calculate the remainder when 911 is divided by 38.
37
What is the remainder when 145 is divided by 37?
34
Calculate the remainder when 358 is divided by 45.
43
Calculate the remainder when 1116 is divided by 56.
52
Calculate the remainder when 1726 is divided by 156.
10
What is the remainder when 129 is divided by 12?
9
Calculate the remainder when 108 is divided by 62.
46
Calculate the remainder when 246 is divided by 106.
34
What is the remainder when 366 is divided by 118?
12
What is the remainder when 55 is divided by 3?
1
Calculate the remainder when 34 is divided by 6.
4
What is the remainder when 42 is divided by 15?
12
Calculate the remainder when 305 is divided by 22.
19
Calculate the remainder when 101 is divided by 63.
38
Calculate the remainder when 186 is divided by 67.
52
Calculate the remainder when 305 is divided by 17.
16
Calculate the remainder when 3489 is divided by 26.
5
Calculate the remainder when 865 is divided by 13.
7
Calculate the remainder when 75 is divided by 32.
11
Calculate the remainder when 321 is divided by 18.
15
Calculate the remainder when 5437 is divided by 20.
17
Calculate the remainder when 1099 is divided by 1079.
20
Calculate the remainder when 1267 is divided by 312.
19
Calculate the remainder when 2834 is divided by 468.
26
Calculate the remainder when 452 is divided by 42.
32
Calculate the remainder when 2023 is divided by 253.
252
What is the remainder when 2666 is divided by 29?
27
What is the remainder when 343 is divided by 70?
63
Calculate the remainder when 186 is divided by 63.
60
Calculate the remainder when 94 is divided by 42.
10
What is the remainder when 187 is divided by 51?
34
What is the remainder when 1378 is divided by 147?
55
Calculate the remainder when 785 is divided by 30.
5
What is the remainder when 190 is divided by 31?
4
What is the remainder when 2109 is divided by 11?
8
Calculate the remainder when 2406 is divided by 17.
9
Calculate the remainder when 7358 is divided by 20.
18
What is the remainder when 584 is divided by 88?
56
Calculate the remainder when 485 is divided by 55.
45
What is the remainder when 149 is divided by 53?
43
What is the remainder when 264 is divided by 19?
17
Calculate the remainder when 227 is divided by 107.
13
What is the remainder when 109 is divided by 42?
25
Calculate the remainder when 173 is divided by 12.
5
What is the remainder when 957 is divided by 124?
89
What is the remainder when 429 is divided by 109?
102
What is the remainder when 354 is divided by 113?
15
Calculate the remainder when 562 is divided by 95.
87
Calculate the remainder when 135 is divided by 34.
33
What is the remainder when 818 is divided by 112?
34
What is the remainder when 97 is divided by 10?
7
What is the remainder when 227 is divided by 120?
107
What is the remainder when 668 is divided by 219?
11
Calculate the remainder when 410 is divided by 18.
14
Calculate the remainder when 1454 is divided by 242.
2
Calculate the remainder when 902 is divided by 43.
42
What is the remainder when 350 is divided by 22?
20
What is the remainder when 38 is divided by 7?
3
What is the remainder when 63 is divided by 17?
12
What is the remainder when 82 is divided by 49?
33
Calculate the remainder when 1807 is divided by 27.
25
What is the remainder when 1023 is divided by 493?
37
Calculate the remainder when 2085 is divided by 87.
84
Calculate the remainder when 767 is divided by 16.
15
What is the remainder when 37 is divided by 10?
7
Calculate the remainder when 8063 is divided by 63.
62
Calculate the remainder when 158 is divided by 18.
14
Calculate the remainder when 119 is divided by 51.
17
What is the remainder when 119 is divided by 5?
4
What is the remainder when 240 is divided by 11?
9
Calculate the remainder when 89 is divided by 13.
11
Calculate the remainder when 1657 is divided by 125.
32
Calculate the remainder when 1787 is divided by 149.
148
Calculate the remainder when 39 is divided by 12.
3
Calculate the remainder when 1342 is divided by 223.
4
Calculate the remainder when 758 is divided by 76.
74
What is the remainder when 1923 is divided by 26?
25
Calculate the remainder when 38 is divided by 25.
13
What is the remainder when 115 is divided by 12?
7
Calculate the remainder when 495 is divided by 32.
15
What is the remainder when 423 is divided by 106?
105
Calculate the remainder when 289 is divided by 286.
3
Calculate the remainder when 265 is divided by 69.
58
What is the remainder when 1451 is divided by 26?
21
What is the remainder when 241 is divided by 49?
45
What is the remainder when 420 is divided by 84?
0
What is the remainder when 150 is divi